site?
True
Is 224003 a prime number?
False
Is 4414694 prime?
False
Is 11184611 composite?
False
Is 10907759 a prime number?
True
Is 50043803 composite?
False
Is 37130341 a prime number?
False
Is 766187 a composite number?
False
Is 108653117 prime?
True
Is 1000494581 prime?
True
Is 25992571 composite?
True
Is 1186963 prime?
True
Is 2290273 a prime number?
False
Is 168281063 prime?
True
Is 32744863 prime?
True
Is 7266491 a prime number?
True
Is 71956877 prime?
True
Is 20527471 a prime number?
False
Is 14245157 a prime number?
True
Is 25859749 a prime number?
False
Is 4594609 a prime number?
True
Is 163326091 a prime number?
True
Is 35052653 prime?
False
Is 31991857 a prime number?
False
Is 25103191 composite?
False
Is 11214473 a prime number?
True
Is 19019191 a prime number?
False
Is 2694973 composite?
False
Is 220486433 a prime number?
False
Is 1875171 a prime number?
False
Is 1890181 a composite number?
True
Is 1896013 prime?
False
Is 3181793 a prime number?
False
Is 3268859 prime?
False
Is 76664837 a composite number?
False
Is 77576747 prime?
True
Is 52124939 prime?
False
Is 803029 composite?
True
Is 197235035 composite?
True
Is 5792737 a prime number?
True
Is 63572199 a prime number?
False
Is 20136331 composite?
False
Is 7449131 prime?
False
Is 440760371 a prime number?
False
Is 19773913 a composite number?
False
Is 705137 composite?
False
Is 1737809 a prime number?
True
Is 22747265 composite?
True
Is 41147761 a composite number?
True
Is 59768461 a prime number?
False
Is 2557063 composite?
False
Is 267067213 composite?
True
Is 4558369 a prime number?
True
Is 14410621 a prime number?
False
Is 303837811 prime?
False
Is 4671097 a composite number?
False
Is 79207429 a composite number?
True
Is 19509331 composite?
True
Is 387172169 composite?
True
Is 499777163 a composite number?
True
Is 227699221 a prime number?
False
Is 699271127 a composite number?
True
Is 5379001 composite?
False
Is 10102657 a prime number?
False
Is 312839 a prime number?
True
Is 151701663 a composite number?
True
Is 173992087 composite?
False
Is 10010599 a prime number?
False
Is 1521547 a composite number?
False
Is 8609359 a composite number?
True
Is 143135 a composite number?
True
Is 31562053 prime?
True
Is 11621543 a composite number?
False
Is 5341879 a composite number?
True
Is 1689031 prime?
True
Is 144934487 a composite number?
False
Is 17866181 composite?
True
Is 8331283 composite?
True
Is 243923 composite?
True
Is 36942385 prime?
False
Is 6786509 a prime number?
True
Is 4169062 a composite number?
True
Is 50073301 a prime number?
True
Is 33819587 prime?
True
Is 7351691 composite?
False
Is 115670777 a prime number?
True
Is 515842 a composite number?
True
Is 61770053 composite?
False
Is 3822007 composite?
True
Is 89339461 prime?
True
Is 30071 a prime number?
True
Is 731771 a prime number?
False
Is 1482037 a composite number?
True
Is 53369441 composite?
False
Is 24569339 a composite number?
False
Is 1826447 a composite number?
True
Is 1522657 a prime number?
False
Is 10264433 a composite number?
False
Is 402379 a composite number?
False
Is 100344811 composite?
True
Is 1768667 composite?
False
Is 53101943 a prime number?
True
Is 6080051 composite?
False
Is 126299135 a composite number?
True
Is 8590481 prime?
False
Is 871919 a composite number?
False
Is 870487 a prime number?
False
Is 1605297 a composite number?
True
Is 1144159 a prime number?
False
Is 8881711 prime?
True
Is 303497977 a prime number?
True
Is 211467821 a composite number?
False
Is 3147955 composite?
True
Is 67339 a composite number?
False
Is 25123937 a prime number?
True
Is 790670939 prime?
True
Is 2993891 composite?
False
Is 172671451 a composite number?
False
Is 5512877 composite?
False
Is 575821 a prime number?
True
Is 16554421 composite?
True
Is 152599 prime?
True
Is 1683683 a composite number?
True
Is 39299917 a prime number?
True
Is 539659931 composite?
True
Is 546894329 a composite number?
True
Is 209475659 a prime number?
True
Is 4873673 a composite number?
True
Is 73467907 prime?
False
Is 3207349 a composite number?
True
Is 28766839 composite?
True
Is 962303 a composite number?
False
Is 12739141 a composite number?
False
Is 10573909 a composite number?
True
Is 535879 a prime number?
True
Is 210011629 composite?
False
Is 184924697 a prime number?
False
Is 82942009 a prime number?
True
Is 11168837 prime?
True
Is 7542823 prime?
True
Is 38885063 composite?
True
Is 32254289 composite?
True
Is 13614677 prime?
True
Is 10445674 composite?
True
Is 161148931 composite?
False
Is 472437593 composite?
False
Is 912763 prime?
True
Is 484361 a composite number?
False
Is 6337591 composite?
True
Is 59652119 a composite number?
False
Is 76430999 a composite number?
True
Is 16682537 prime?
True
Is 221303 composite?
False
Is 90834919 a composite number?
True
Is 855293 a composite number?
False
Is 511991 prime?
True
Is 1778743 prime?
True
Is 140983 a prime number?
True
Is 196657 a composite number?
False
Is 81364273 a composite number?
True
Is 40949951 prime?
False
Is 110382341 a prime number?
True
Is 3537407 composite?
False
Is 109575667 a prime number?
True
Is 2829527 composite?
False
Is 304901063 composite?
False
Is 73016497 composite?
False
Is 5543333 a prime number?
True
Is 17373703 a prime number?
False
Is 2454286 a prime number?
False
Is 73712801 a prime number?
True
Is 108064081 composite?
False
Is 113069017 a prime number?
True
Is 28028435 composite?
True
Is 668828179 a composite number?
True
Is 76695233 a composite number?
False
Is 354210287 prime?
False
Is 5676859 a composite number?
True
Is 4632689 composite?
False
Is 89781261 a composite number?
True
Is 15408383 a composite number?
False
Is 18317209 a prime number?
False
Is 17340181 composite?
True
Is 600686 a prime number?
False
Is 504373 a composite number?
True
Is 14665247 composite?
False
Is 193188301 prime?
False
Is 2219479 a prime number?
False
Is 1213729 a prime number?
False
Is 166575779 a prime number?
True
Is 7873539 composite?
True
Is 5160263 a prime number?
False
Is 3371857 a composite number?
True
Is 24848807 prime?
True
Is 171761609 composite?
False
Is 5747449 a composite number?
False
Is 229413 prime?
False
Is 207619 composite?
False
Is 591083 composite?
True
Is 34166057 prime?
False
Is 2524723 a composite number?
False
Is 31230047 prime?
False
Is 1564237 a composite number?
False
Is 1856846 prime?
False
Is 243085877 composite?
False
Is 3158797 prime?
False
Is 1321807 prime?
False
Is 102632201 composite?
True
Is 289131353 a prime number?
False
Is 20727581 prime?
False
Is 79270393 prime?
True
Is 7459279 a prime number?
True
Is 1134137 composite?
False
Is 1022011 a composite number?
False
Is 236484751 composite?
False
Is 93134 a composite number?
True
Is 1618613 a composite number?
False
Is 25352347 a prime number?
False
Is 30729493 a composite number?
True
Is 507746923 a composite number?
True
Is 76175139 a composite number?
True
Is 12615323 a composite number?
True
Is 461628577 a composite number?
True
Is 83108429 prime?
True
Is 74094193 a composite number?
False
Is 2475311 a composite number?
True
Is 3533963 a prime number?
True
Is 28901107 a composite number?
True
Is 6964897 composite?
False
Is 523147 composite?
True
Is 8537357 prime?
True
Is 79275841 a composite number?
False
Is 1355179 a prime number?
False
Is 565529 a composite number?
True
Is 709576829 prime?
False
Is 2461891 prime?
True
Is 525357281 composite?
False
Is 1563791 prime?
True
Is 7603511 a composite number?
False
Is 7513039 a composite number?
False
Is 246967319 a composite number?
False
Is 39186257 composite?
True
Is 265153901 a prime number?
True
Is 1460567 composite?
False
Is 7958399 prime?
True
Is 12048163 a prime number?
True
Is 886451 prime?
False
Is 2298623 prime?
False
Is 159587543 a composite number?
False
Is 3347909 composite?
False
Is 2079083 a prime number?
False
Is 12605 a composite number?
True
Is 418661 a composite number?
True
Is 13656011 a composite number?
False
Is 11212022 prime?
False
Is 25340947 prime?
True
Is 1528261091 a composite number?
True
Is 53045773 prime?
False
Is 5971873 prime?
True
Is 341965601 a prime number?
False
Is 2837473 prime?
True
Is 469052929 a prime number?
True
Is 358477705 a composite number?
True
Is 33115057 composite?
False